 + ((-135)/50)/9. Calculate the greatest common factor of v and 96.
12
Let l = -4 - -5. Let j be 16 - (l + 15)/4. Calculate the highest common factor of j and 48.
12
Let h(j) = j**2 - 9*j + 12. Let u be h(8). Suppose 0 = -f + 2*f, u*d = 5*f + 224. Let c be (4 - (-60)/(-21))*7. Calculate the highest common divisor of d and c.
8
Suppose -2*g - 11*c = -16*c - 948, c = -4. What is the highest common divisor of g and 58?
58
Suppose 2*v - 9*r + 142 = -4*r, -10 = 5*r. Let p = v + 100. Calculate the greatest common factor of p and 192.
24
Let a be (6 + -8)/((-4)/(-30)). Let x = 32 + a. Suppose 4*k - x - 23 = 0. Calculate the greatest common divisor of 10 and k.
10
Let b = -41 - -71. Suppose -2*r + 5*l + 50 = 0, -3*r - 48*l + 12 = -45*l. Calculate the highest common factor of r and b.
10
Let h be ((-160)/25 - -6) + 374/10. Calculate the greatest common divisor of 74 and h.
37
Let c be (-1)/(1 - (-56)/(-49)). Calculate the greatest common factor of c and 6.
1
Suppose 2*j = -4 + 2, -5*v + j - 114 = 0. Let q be -1*v*(0 + 2). Let i = q + -22. Calculate the highest common factor of i and 8.
8
Suppose 5*u + 2*t + 8 = 0, 2*t = u + u + 6. Let m be 6*(-5)/u - -2. Let c = -353 - -489. Calculate the highest common divisor of m and c.
17
Let r = 81 + -58. Calculate the highest common factor of 1 and r.
1
Suppose a = -a + f - 28, 0 = 4*a - f + 58. Let k = -15 - a. Suppose 5*g + k*g = 35. What is the highest common divisor of g and 21?
7
Suppose -493 = -5*p + 3*k, -55 = -4*p + 5*k + 342. Calculate the highest common factor of p and 245.
49
Let r be -1*3*-1*164/12. Calculate the greatest common factor of r and 1189.
41
Suppose 96 = 8*x - 5*x. What is the greatest common factor of 72 and x?
8
Suppose -3*a + 7 = j, 15 = 5*a + 5*j - 0*j. Suppose -26 = -a*h + 2*r, -3*r + 33 = -h + 4*h. What is the greatest common divisor of 3 and h?
3
Let l = 4128 - 2144. Calculate the highest common divisor of 124 and l.
124
Let q(m) = -3*m + 6. Let u(v) = -4*v + 7. Let j(z) = -5*q(z) + 4*u(z). Let w be j(-5). Let y = -8 + 11. What is the greatest common factor of y and w?
3
Let t = -53 + 163. Let w = -75 + 172. Let l = w - 53. Calculate the highest common divisor of l and t.
22
Suppose 0 = 25*b - 65*b + 28160. Calculate the highest common divisor of 220 and b.
44
Suppose 3*n = -7*n + 570. What is the greatest common divisor of n and 38?
19
Let n(k) = 451*k**3 - k**2 - 2*k - 2. Let o be n(-1). Let t be (o/(-4) - -1) + 1*3. Suppose -21 = -2*l + 5. What is the highest common divisor of l and t?
13
Suppose 2*i - 5*i + 3*w + 120 = 0, -w - 160 = -4*i. Let d be (-6)/27*-21 - (-6)/18. Calculate the greatest common factor of i and d.
5
Let c = 72 + -48. What is the greatest common factor of c and 64?
8
Let h be 1 - ((-43 - 12) + -4 + -3). Let x(a) = a**3 + 6*a**2 + 3*a - 1. Let y be x(-5). What is the greatest common factor of h and y?
9
Let c be (48 + 1)*(-7 - -8). Suppose 0 = s + 10 - c. Suppose -5*r = 4*i - i - s, -4*r = 12. Calculate the greatest common factor of i and 90.
18
Let g(t) = -3*t**3 - 27*t**2 + 60*t + 16. Let i be g(-11). What is the greatest common divisor of i and 328?
82
Let m = 15 + -13. Suppose -2*u + 28 = -5*t, 5*u + m*t + 88 = 9*u. Let i be u/(1 - (1 - 1)). Calculate the highest common divisor of 36 and i.
12
Suppose 4*d - 75 = 3*d. Suppose 0 = -4*r + 4*z + 26 + 54, 10 = r - 3*z. What is the greatest common factor of r and d?
25
Suppose 0*a = 2*a - 4. Let p be a + (15 - 3) + -1. Calculate the greatest common factor of p and 65.
13
Let a(m) = -345 + 171 + m + 167. Let o be a(23). What is the highest common divisor of 40 and o?
8
Suppose -45 + 3 = -2*u. Let x be (-9)/u - 1277/(-7). What is the greatest common factor of x and 26?
26
Let i = -182 - -191. Calculate the greatest common divisor of i and 117.
9
Suppose -4*b + 39 = 3*g - 95, -3*b + 181 = 4*g. Let h = g + -32. What is the highest common factor of h and 2?
2
Suppose 0 = -12*p + 570 + 2406. Let m(s) = 121*s**3 + s. Let l be m(-1). Let b = p + l. What is the highest common divisor of b and 18?
18
Suppose 10 = -5*x + c + 38, 0 = -4*c - 12. What is the greatest common divisor of x and 625?
5
Suppose 2*m + 561 = 4*p - 3*m, 6 = 2*m. Suppose 0 = 11*g - 13*g + 32. Calculate the highest common divisor of g and p.
16
Let p = -2 + 4. Suppose -8 = o - p*o. Suppose 3*v - 16 = v. Calculate the highest common divisor of o and v.
8
Let z = 152 + -100. Let u = z + 2. Calculate the highest common factor of 6 and u.
6
Let f = -52 - -55. Suppose 0 = -f*t + 20 + 73. Suppose 3*l = 59 + 34. Calculate the highest common factor of t and l.
31
Let r(m) = m**2 - 109*m**3 - 2 + 0*m**2 - m + 9 - 8. Let v be r(-1). What is the greatest common divisor of 10 and v?
10
Suppose 135 = 5*v - 65. Let z = 35 - 19. Let o = z + 4. Calculate the greatest common divisor of v and o.
20
Let p be (1 - 3 - 3)*-1. Suppose 0*i - i = 5*t - 97, 47 = i - p*t. Suppose 2*s - 3*f - 3 + 0 = 0, -s - 3*f = -24. What is the greatest common factor of s and i?
9
Let h be (2/(-7) - 9/(-7)) + 47. Calculate the highest common factor of 288 and h.
48
Suppose -4*n - n = 2*a - 38, -4*a + 40 = 4*n. Suppose 3*w - 5 = 49. Suppose t - 18 = -3*u - u, 2*u = 4*t - w. What is the highest common divisor of t and n?
6
Let v be ((3 + -233)/10)/((-1)/3). Calculate the highest common factor of v and 552.
69
Let m = 587 - 581. Let j be 56/21 - 1/(-3). What is the greatest common factor of j and m?
3
Suppose 12*h + 5*o - 41 = 9*h, 5*h - 65 = -5*o. What is the highest common divisor of 14 and h?
2
Let t = -6 - -12. Let y = -78 + 102. Calculate the highest common divisor of y and t.
6
Let r = -22 + 1. Let k = 25 + r. Calculate the highest common factor of 4 and k.
4
Suppose 5*h - p - 1074 = -3*p, 4*h - 2*p = 870. Calculate the highest common divisor of h and 378.
54
Let u = -122 + 165. What is the greatest common divisor of u and 215?
43
Suppose 5 = -5*l + 30. Let r(c) = -2*c - 6. Let v be r(-5). Suppose -v*w + 15 = -w. What is the greatest common divisor of w and l?
5
Suppose 0 = -3*w - 12, 0 = -4*g - 3*w + 29 + 67. Let f = -431 + 449. Calculate the highest common factor of f and g.
9
Let d be 369/15 - 2/(-5). Let r = d + 3. Let a be 24 - (10/5 + -6). Calculate the greatest common factor of r and a.
28
Suppose -13*l + 10*l = -594. Calculate the greatest common divisor of 44 and l.
22
Suppose 0*s - 174 = 2*s - 2*c, -5*c = -s - 87. Let f = s - -102. What is the highest common divisor of 3 and f?
3
Suppose 5 = -14*w + 13*w. Let j be -1*5/(w/24). Calculate the highest common divisor of j and 48.
24
Suppose y - 15 = 5. Suppose 392 = -y*p + 27*p. What is the greatest common divisor of 14 and p?
14
Let x(a) = -6*a - 4. Let i be x(2). Let z be ((-15)/4)/(4/i). Let f = z - -3. Calculate the greatest common divisor of f and 9.
9
Let z(s) = s**3 + s**2 + 3. Let h be z(0). Suppose -d = -h*d + 270. Suppose -7*l = -12 - d. Calculate the highest common divisor of l and 14.
7
Let g be (-3 - 1)*-1 - 2. Let r(n) = -n**3 + 2*n**2. Let f be r(g). Let y = 26 + f. Calculate the greatest common divisor of 65 and y.
13
Let q(j) = -3*j + 18. Let v be q(5). Suppose -v*s = 2*s - 50. What is the highest common factor of s and 40?
10
Let b(f) = -f**2 - 25*f - 12. Let z be b(-24). Calculate the greatest common factor of z and 9.
3
Let p(i) be the second derivative of i**3/3 + 5*i**2 - 7*i. Let y be p(6). Calculate the greatest common divisor of 88 and y.
22
Let r(k) be the second derivative of -k**5/20 - 7*k**4/6 - k**3/3 + 6*k**2 - 14*k. Let u be r(-14). Calculate the highest common divisor of u and 5.
5
Suppose 0 = 4*b - 23 + 3. Suppose 0 = 3*k - 4*h - 89, b*k + 4*h - 121 = 6. What is the greatest common divisor of k and 3?
3
Let x(u) = -15*u + 156. Let k be x(10). What is the highest common divisor of 234 and k?
6
Let y be 4/14 - 266/(-98). Let v be (-2)/y + (-249)/(-9). What is the highest common divisor of 216 and v?
27
Suppose -j - 53 = 56. Let x = -53 - j. Calculate the greatest common factor of 7 and x.
7
Suppose -2*o - 4 = -4*o. Let u(q) = 0*q - 3*q + 4*q**o - q**2 - q**2 - 4. Let v be u(3). Calculate the highest common divisor of 5 and v.
5
Let v = 862 - 138. What is the highest common factor of 4 and v?
4
Let q = 358 + -266. What is the greatest common factor of 20 and q?
4
Suppose 3*f = 20 + 13. Suppose -f*v 